
1
What is the tens digit of 51713?
1
What is the units digit of 67727?
7
What is the hundreds digit of 78267?
2
What is the hundreds digit of 2622?
6
What is the hundreds digit of 840?
8
What is the ten thousands digit of 80858?
8
What is the thousands digit of 2061?
2
What is the hundreds digit of 20271?
2
What is the thousands digit of 13789?
3
What is the tens digit of 1925?
2
What is the ten thousands digit of 19616?
1
What is the hundreds digit of 518?
5
What is the tens digit of 1188?
8
What is the hundreds digit of 565?
5
What is the tens digit of 22030?
3
What is the units digit of 47439?
9
What is the units digit of 1852?
2
What is the units digit of 183?
3
What is the thousands digit of 1432?
1
What is the units digit of 30923?
3
What is the tens digit of 1958?
5
What is the thousands digit of 4568?
4
What is the thousands digit of 2375?
2
What is the units digit of 61328?
8
What is the units digit of 2203?
3
What is the units digit of 131712?
2
What is the hundreds digit of 17676?
6
What is the ten thousands digit of 11253?
1
What is the units digit of 78979?
9
What is the tens digit of 23722?
2
What is the units digit of 147423?
3
What is the tens digit of 276?
7
What is the tens digit of 27867?
6
What is the thousands digit of 9321?
9
What is the hundreds digit of 1075?
0
What is the hundreds digit of 1169?
1
What is the tens digit of 13?
1
What is the tens digit of 387?
8
What is the units digit of 6948?
8
What is the ten thousands digit of 35228?
3
What is the thousands digit of 5587?
5
What is the thousands digit of 2369?
2
What is the units digit of 105?
5
What is the thousands digit of 14048?
4
What is the tens digit of 12430?
3
What is the hundreds digit of 445?
4
What is the ten thousands digit of 65800?
6
What is the units digit of 614?
4
What is the units digit of 654?
4
What is the units digit of 26267?
7
What is the hundreds digit of 3353?
3
What is the hundreds digit of 31366?
3
What is the ten thousands digit of 17389?
1
What is the units digit of 33644?
4
What is the hundreds digit of 150265?
2
What is the thousands digit of 2568?
2
What is the hundreds digit of 813?
8
What is the tens digit of 1510?
1
What is the hundreds digit of 393?
3
What is the hundreds digit of 3081?
0
What is the thousands digit of 1686?
1
What is the thousands digit of 7158?
7
What is the ten thousands digit of 30674?
3
What is the hundreds digit of 5282?
2
What is the hundreds digit of 4452?
4
What is the hundreds digit of 1007?
0
What is the tens digit of 382?
8
What is the hundreds digit of 20962?
9
What is the tens digit of 1275?
7
What is the tens digit of 9718?
1
What is the tens digit of 69?
6
What is the hundreds digit of 294?
2
What is the units digit of 29645?
5
What is the hundreds digit of 4861?
8
What is the tens digit of 1257?
5
What is the hundreds digit of 57163?
1
What is the ten thousands digit of 39607?
3
What is the tens digit of 422?
2
What is the hundreds digit of 50679?
6
What is the units digit of 731?
1
What is the units digit of 25346?
6
What is the hundreds digit of 72696?
6
What is the hundreds digit of 33302?
3
What is the thousands digit of 19944?
9
What is the units digit of 1358?
8
What is the hundreds digit of 65746?
7
What is the thousands digit of 1250?
1
What is the units digit of 530?
0
What is the tens digit of 1158?
5
What is the units digit of 2798?
8
What is the units digit of 42937?
7
What is the thousands digit of 8965?
8
What is the hundreds digit of 5578?
5
What is the units digit of 1465?
5
What is the hundreds digit of 2326?
3
What is the units digit of 1530?
0
What is the ten thousands digit of 75301?
7
What is the thousands digit of 2969?
2
What is the tens digit of 394?
9
What is the tens digit of 1892?
9
What is the ten thousands digit of 133433?
3
What is the units digit of 6974?
4
What is the tens digit of 903?
0
What is the tens digit of 2139?
3
What is the units digit of 11811?
1
What is the hundreds digit of 40660?
6
What is the tens digit of 2931?
3
What is the units digit of 507?
7
What is the hundreds digit of 8752?
7
What is the thousands digit of 6963?
6
What is the units digit of 823?
3
What is the units digit of 1406?
6
What is the ten thousands digit of 72731?
7
What is the units digit of 5227?
7
What is the thousands digit of 4848?
4
What is the thousands digit of 23245?
3
What is the tens digit of 30?
3
What is the tens digit of 1569?
6
What is the hundreds digit of 13647?
6
What is the hundreds digit of 35294?
2
What is the units digit of 5709?
9
What is the tens digit of 209?
0
What is the hundreds digit of 7740?
7
What is the units digit of 16624?
4
What is the tens digit of 29538?
3
What is the thousands digit of 13539?
3
What is the units digit of 262?
2
What is the hundred thousands digit of 181484?
1
What is the hundreds digit of 257?
2
What is the tens digit of 624?
2
What is the tens digit of 58531?
3
What is the ten thousands digit of 18618?
1
What is the ten thousands digit of 28815?
2
What is the hundreds digit of 1330?
3
What is the tens digit of 246?
4
What is the hundred thousands digit of 131147?
1
What is the hundreds digit of 18156?
1
What is the tens digit of 13255?
5
What is the thousands digit of 1597?
1
What is the thousands digit of 6332?
6
What is the tens digit of 13884?
8
What is the thousands digit of 64689?
4
What is the ten thousands digit of 21978?
2
What is the thousands digit of 19181?
9
What is the tens digit of 6025?
2
What is the thousands digit of 24585?
4
What is the tens digit of 35101?
0
What is the hundreds digit of 249?
2
What is the thousands digit of 1014?
1
What is the hundreds digit of 1084?
0
What is the units digit of 8480?
0
What is the units digit of 113734?
4
What is the tens digit of 12448?
4
What is the units digit of 10719?
9
What is the units digit of 1222?
2
What is the tens digit of 98349?
4
What is the ten thousands digit of 13604?
1
What is the thousands digit of 1283?
1
What is the thousands digit of 4720?
4
What is the units digit of 3602?
2
What is the thousands digit of 4535?
4
What is the units digit of 571?
1
What is the hundreds digit of 5375?
3
What is the units digit of 122278?
8
What is the hundreds digit of 728?
7
What is the units digit of 1160?
0
What is the thousands digit of 5716?
5
What is the hundreds digit of 27275?
2
What is the tens digit of 3010?
1
What is the units digit of 1131?
1
What is the hundreds digit of 14640?
6
What is the ten thousands digit of 36531?
3
What is the tens digit of 64?
6
What is the tens digit of 64628?
2
What is the units digit of 504?
4
What is the tens digit of 74904?
0
What is the hundreds digit of 941?
9
What is the units digit of 13861?
1
What is the hundreds digit of 7455?
4
What is the tens digit of 20292?
9
What is the units digit of 94?
4
What is the tens digit of 83521?
2
What is the tens digit of 267?
6
What is the hundreds digit of 4878?
8
What is the hundreds digit of 98819?
8
What is the tens digit of 1341?
4
What is the thousands digit of 4686?
4
What is the tens digit of 1271?
7
What is the ten thousands digit of 47936?
4
What is the units digit of 23476?
6
What is the thousands digit of 6714?
6
What is the hundreds digit of 16959?
9
What is the tens digit of 2917?
1
What is the ten thousands digit of 13865?
1
What is the tens digit of 2867?
6
What is the hundreds digit of 22916?
9
What is the units digit of 5511?
1
What is the ten thousands digit of 17840?
1
What is the tens digit of 9960?
6
What is the ten thousands digit of 12113?
1
What is the tens digit of 22630?
3
What is the units digit of 366?
6
What is the hundreds digit of 15277?
2
What is the hundreds digit of 336?
3
What is the thousands digit of 32639?
2
What is the ten thousands digit of 86083?
8
What is the units digit of 6639?
9
What is the hundreds digit of 64630?
6
What is the thousands digit of 7829?
7
What is the units digit of 364?
4
What is the units digit of 626?
6
What is the thousands digit of 40192?
0
What is the hundreds digit of 3156?
1
What is the ten thousands digit of 10215?
1
What is the thousands digit of 18242?
8
What is the thousands digit of 1593?
1
What is the thousands digit of 20484?
0
What is the tens digit of 30338?
3
What is the units digit of 5092?
2
What is t